he remainder when 219 is divided by w?
67
Let a(p) = 9*p. What is the remainder when a(11) is divided by (608/6)/2 - (-14)/(-21)?
49
What is the remainder when (-4)/(-8 - 4) + 269/3 is divided by 37?
16
Let n = -20 + 44. What is the remainder when 52 is divided by (3/(-12) + 1)*n?
16
Let v = 5 - 6. Let s = -49 + 75. What is the remainder when 4/v*(-206)/8 is divided by s?
25
Let o = 1 - 1. Let a = 2 + o. Let g = -481 - -483. Calculate the remainder when a is divided by g.
0
Let i be (-10 - -183) + 8/(-2). Let v = i - 121. Calculate the remainder when v is divided by 17.
14
Let m(u) = 3*u**2 + 2*u. Suppose o = 6*o - 805. Suppose -5*x + 3*p + o = 0, 0 = 5*x + 5*p - 28 - 117. What is the remainder when x is divided by m(2)?
15
Suppose w - 15 - 85 = 0. Suppose 2*m - w = -3*m. Suppose -5*j = -70 + m. Calculate the remainder when 18 is divided by j.
8
Suppose -17*s + 174 = -15*s. Suppose -2*h = 5*b - 208, -2*h - h = -2*b + s. Let p(y) = -y**2 + 9*y - 3. Calculate the remainder when b is divided by p(6).
12
Suppose -619 - 74 = -9*c. What is the remainder when c is divided by 10?
7
Let i = 12 + -8. Suppose -3*j + 3*f + 33 = 0, -2*f + 28 = 5*j + 2*f. Suppose -i*o + j*o = 520. Calculate the remainder when o is divided by 33.
31
Suppose 8*r - 4*r = 3*g + 4, -2*r + 4 = -g. Calculate the remainder when 84 is divided by g.
0
Suppose -3417*h + 6215 = -3406*h. Calculate the remainder when h is divided by 14.
5
What is the remainder when 36 is divided by (-4)/34 - (-15275)/799?
17
Let y = -7 - -18. Let m = 1123 + -1106. What is the remainder when m is divided by y?
6
Let w(s) = s**2 - s. Let b be w(0). Let z = 68 + -66. Suppose b = -z*g - 0*g + 12. Calculate the remainder when 28 is divided by g.
4
Let z = 260 - 212. Suppose 5*m - 6*m = -17. Calculate the remainder when z is divided by m.
14
Let p = -306 + 319. What is the remainder when p is divided by 8?
5
Suppose 3*a = -5*w - 0*w + 415, -w + 61 = 5*a. What is the remainder when 1030 is divided by w?
84
What is the remainder when -12*(19 + 1)/(-4) is divided by 4 + -7 + 4 - -15?
12
Suppose -u = u. Let y(o) = u*o - 5*o + o - 16 + 11 - 5*o**2 - o**3. What is the remainder when 29 is divided by y(-5)?
14
Let i be (-6)/(-1 - (-18)/22). What is the remainder when 237 is divided by -10*2*(i/(-12) - -2)?
12
Let s = -96 - -126. Calculate the remainder when s is divided by 8.
6
Let o(u) = u**3 - 4*u**2 - 21*u + 1. Suppose -l - 2*l - 3*x + 18 = 0, -2*x - 37 = -5*l. Calculate the remainder when o(l) is divided by 1.
0
Let i = -147 + 52. Let x = i + 110. Calculate the remainder when 41 is divided by x.
11
Suppose -71 = 5*y - 236. Suppose -7*d = -3*d. Suppose d = i + a + 4*a - 2, 0 = -3*i + 3*a + 60. What is the remainder when y is divided by i?
16
Suppose -2*c + 13 + 89 = 4*h, -c - 45 = -2*h. What is the remainder when h is divided by 15?
9
Suppose 168 = 4*x - 2*w, 2*x = -2*w + 52 + 38. Calculate the remainder when 297 is divided by x.
39
Suppose 7*g - 6 = 3*g + 5*t, -3*t + 18 = 3*g. Suppose g*j - 416 + 40 = 0. What is the remainder when j is divided by 12?
10
Let b = -577 - -640. Calculate the remainder when b is divided by 20.
3
Suppose v + 4 = 5, 252 = 4*f + 4*v. Calculate the remainder when 233 is divided by f.
47
Let b = -6 - -9. Suppose b*t + 129 = 6*t. Calculate the remainder when t is divided by 4 - (-6 + -6 - -1).
13
What is the remainder when 41 is divided by (6 + 9)/(0 - (-2 + 1))?
11
Suppose 5*c + 2*t = 94, 3*t + t + 64 = 4*c. What is the remainder when 64 is divided by c?
10
What is the remainder when 8*(73/8 + 3) is divided by 33?
31
Let t(k) = -3*k**2 - k - 49. Let f(l) = l**2 + l - 1. Let c(u) = -4*f(u) - t(u). Calculate the remainder when c(0) is divided by 9.
8
Let q(p) = 6*p**2 - 14*p + 154. Calculate the remainder when q(9) is divided by 45.
19
Let t(b) = b**3 + 6*b**2 - 21*b + 4. Let f be t(-10). Let x = f - -287. What is the remainder when x is divided by 17?
16
Calculate the remainder when ((-4)/16)/((-3)/(-10224)*-4) is divided by 18.
15
Let o = -58 - -108. Calculate the remainder when 149 is divided by o.
49
Suppose -18*b + 19*b = 32. What is the remainder when 53 is divided by b?
21
Suppose 2*l = -4*n + 52, -3*l = 2*n - 4*n + 10. Let j(h) = h**2 - 17*h - 28. Calculate the remainder when j(20) is divided by n.
10
Let u(m) = -m + 2. Let n(j) = 2*j - 12. Let c be n(10). Suppose 0 = -2*o - 2*w + 36, -4*o + 100 = 5*w - c*w. What is the remainder when o is divided by u(-6)?
6
Let p be 3*(-1 - (-4)/12). Let s = 26 + p. Calculate the remainder when s is divided by 312/32 + (-3)/4.
6
Suppose -99*i + 2433 = -96*i. What is the remainder when i is divided by 28?
27
Let w be 135/5 + 2 + -1. Suppose -k + 16 = -u, -2*k + 0*k + w = -u. Calculate the remainder when 22 is divided by k.
10
Let r(s) = -s**3 + 7*s**2 + 12*s + 7. What is the remainder when r(-3) is divided by 17?
10
Suppose 105*l - 299 - 18391 = 0. What is the remainder when l is divided by 5?
3
Suppose 4*d + 140 = -4*z - 0*z, -z - 73 = 2*d. Let c = -19 - d. Suppose 3*l = -l - o + 49, 2*l - 5*o - c = 0. Calculate the remainder when 22 is divided by l.
10
Let y(r) be the first derivative of -r**2/2 - 3. Let z be y(-5). Suppose 5*t - 33 = -4*f + 4, 2*t - 28 = z*f. What is the remainder when t is divided by 3?
0
Let o(s) = s**3 + 8*s**2 + 9*s - 10. Calculate the remainder when 31 is divided by o(-4).
13
Suppose 62*u = 61*u + 312. What is the remainder when u is divided by 21?
18
What is the remainder when (-1535)/(-21) + (-40)/420 is divided by 42?
31
Let g(q) = q**2 + 2*q - 10. Let r(f) = -2*f**2 - 4*f + 19. Let v(l) = -5*g(l) - 3*r(l). What is the remainder when 15 is divided by v(3)?
7
Suppose 34*m - 2184 = 6*m. What is the remainder when m is divided by 9?
6
Let n = -321 - -331. Let y(j) = -j**3 + 2*j**2 - j - 2. Let f be y(2). Let s = 8 + f. What is the remainder when n is divided by s?
2
Suppose 10 = 8*n - 6. Suppose n*c - 5*w = 59, -53 + 3 = -2*c + 2*w. Suppose -3*h + 9 = d, 3*d - 4*h = 11 + 29. What is the remainder when c is divided by d?
10
Let l(k) be the first derivative of -k**3/3 - 5*k**2 + 6*k - 3. What is the remainder when 16 is divided by l(-10)?
4
Suppose 0 = 55*x - 69*x + 1148. What is the remainder when x is divided by 28?
26
Suppose -5*d + 3*m = 2*m - 346, 4*m + 142 = 2*d. Suppose -3*x + 3 = 0, -4*u - 3*x + 39 = -20. What is the remainder when d is divided by u?
13
Let q = -2235 - -2576. What is the remainder when q is divided by 111?
8
Suppose 0*j = j - 6. Let n be ((-3)/9)/(3/(-36)). Suppose 4*i - 5*r - 16 = 43, -n*r = -20. Calculate the remainder when i is divided by j.
3
Let x(r) = -r**3 + 13*r**2 + 7*r + 13. Let w be x(14). Let v(z) = -z**3 + 2*z**2 + 3. Calculate the remainder when v(-4) is divided by w/34 - (-110)/4.
24
Let y(k) = k**3 - 10*k**2 - 11*k + 16. Let a(t) = t + 3. Let u be a(4). Suppose -1 = -q, -4*i + 28 = -q - u. What is the remainder when y(11) is divided by i?
7
Let k(a) = 2*a**2 - a - 4. Let t(w) = w**3 - 3*w - 5. Let v be t(5). Suppose 3*h = -0*h + v. Calculate the remainder when h is divided by k(-2).
5
Suppose -40 = 17*i - 12*i. Let w(x) = 2*x**2 + 11*x + 4. What is the remainder when w(i) is divided by 23?
21
Let d(j) = 6*j**2 + 2*j + 1. Let m(o) = 4 - o**2 - 8 + 6*o - 1. Let c be m(4). Calculate the remainder when d(c) is divided by 16.
13
What is the remainder when -2 + 5 - -3*(-32)/(-12) is divided by 4?
3
Suppose 3*x - 32 = 136. Suppose x + 49 = 3*g. What is the remainder when g is divided by 19?
16
Let x = 83 + 22. Suppose -8*i = -6*i - 72. Calculate the remainder when x is divided by i.
33
Let j = 316 + -116. What is the remainder when j is divided by 69?
62
Let l(b) = -7*b - 7. Let m be l(-10). Let g = 19 + m. What is the remainder when g is divided by 21?
19
Let r be (-1)/((-3)/9) + 0/(-2). Suppose -r*t + 255 = 14*t. Calculate the remainder when 46 is divided by t.
1
Let l(i) = i**2 - 15*i + 10. Let s be l(16). Let a = s + -20. Let x(d) = -d**2 - 7*d + 9. What is the remainder when x(-7) is divided by a?
3
Suppose 0 = -2*m + 8, 0 = -5*u - 12*m + 7*m + 185. Let o = -8 + 17. What is the remainder when u is divided by o?
6
Suppose -3*a + i - 48 + 210 = 0, -5*a - i + 262 = 0. Let z = 9 + 18. What is the remainder when a is divided by z?
26
Let p(h) = -8*h + 3*h**2 + 0*h - 5*h**2 + 4*h + 3*h**2.